{"id":65,"date":"2021-10-24T22:51:10","date_gmt":"2021-10-24T20:51:10","guid":{"rendered":"http:\/\/czarnipalck.pl\/?page_id=65"},"modified":"2025-03-07T07:56:04","modified_gmt":"2025-03-07T06:56:04","slug":"historia","status":"publish","type":"page","link":"http:\/\/czarnipalck.pl\/index.php\/historia\/","title":{"rendered":"Historia"},"content":{"rendered":"\t\t<div data-elementor-type=\"wp-page\" data-elementor-id=\"65\" class=\"elementor elementor-65\" data-elementor-post-type=\"page\">\n\t\t\t\t\t\t<section class=\"elementor-section elementor-top-section elementor-element elementor-element-16a3529 elementor-section-boxed elementor-section-height-default elementor-section-height-default\" data-id=\"16a3529\" data-element_type=\"section\" data-settings=\"{&quot;background_background&quot;:&quot;classic&quot;}\">\n\t\t\t\t\t\t<div class=\"elementor-container elementor-column-gap-default\">\n\t\t\t\t\t<div class=\"elementor-column elementor-col-50 elementor-top-column elementor-element elementor-element-8952945\" data-id=\"8952945\" data-element_type=\"column\">\n\t\t\t<div class=\"elementor-widget-wrap elementor-element-populated\">\n\t\t\t\t\t\t<div class=\"elementor-element elementor-element-22e3ad8 elementor-widget elementor-widget-heading\" data-id=\"22e3ad8\" data-element_type=\"widget\" data-widget_type=\"heading.default\">\n\t\t\t\t<div class=\"elementor-widget-container\">\n\t\t\t\t\t<h2 class=\"elementor-heading-title elementor-size-default\">Historia<\/h2>\t\t\t\t<\/div>\n\t\t\t\t<\/div>\n\t\t\t\t\t<\/div>\n\t\t<\/div>\n\t\t\t\t<div class=\"elementor-column elementor-col-50 elementor-top-column elementor-element elementor-element-c2769d9\" data-id=\"c2769d9\" data-element_type=\"column\">\n\t\t\t<div class=\"elementor-widget-wrap\">\n\t\t\t\t\t\t\t<\/div>\n\t\t<\/div>\n\t\t\t\t\t<\/div>\n\t\t<\/section>\n\t\t\t\t<section class=\"elementor-section elementor-top-section elementor-element elementor-element-abd54d3 elementor-section-boxed elementor-section-height-default elementor-section-height-default\" data-id=\"abd54d3\" data-element_type=\"section\">\n\t\t\t\t\t\t<div class=\"elementor-container elementor-column-gap-default\">\n\t\t\t\t\t<div class=\"elementor-column elementor-col-100 elementor-top-column elementor-element elementor-element-b6e4a58\" data-id=\"b6e4a58\" data-element_type=\"column\">\n\t\t\t<div class=\"elementor-widget-wrap elementor-element-populated\">\n\t\t\t\t\t\t<section class=\"elementor-section elementor-inner-section elementor-element elementor-element-d1fedf2 elementor-section-boxed elementor-section-height-default elementor-section-height-default\" data-id=\"d1fedf2\" data-element_type=\"section\">\n\t\t\t\t\t\t<div class=\"elementor-container elementor-column-gap-default\">\n\t\t\t\t\t<div class=\"elementor-column elementor-col-100 elementor-inner-column elementor-element elementor-element-16d11ed\" data-id=\"16d11ed\" data-element_type=\"column\">\n\t\t\t<div class=\"elementor-widget-wrap elementor-element-populated\">\n\t\t\t\t\t\t<div class=\"elementor-element elementor-element-7bb59b1 elementor-widget elementor-widget-image\" data-id=\"7bb59b1\" data-element_type=\"widget\" data-widget_type=\"image.default\">\n\t\t\t\t<div class=\"elementor-widget-container\">\n\t\t\t\t\t\t\t\t\t\t\t\t\t\t\t<img fetchpriority=\"high\" decoding=\"async\" width=\"640\" height=\"426\" src=\"http:\/\/czarnipalck.pl\/wp-content\/uploads\/2025\/03\/zlyi.jpg\" class=\"attachment-large size-large wp-image-1639\" alt=\"\" srcset=\"http:\/\/czarnipalck.pl\/wp-content\/uploads\/2025\/03\/zlyi.jpg 640w, http:\/\/czarnipalck.pl\/wp-content\/uploads\/2025\/03\/zlyi-300x200.jpg 300w, http:\/\/czarnipalck.pl\/wp-content\/uploads\/2025\/03\/zlyi-128x85.jpg 128w, http:\/\/czarnipalck.pl\/wp-content\/uploads\/2025\/03\/zlyi-32x21.jpg 32w\" sizes=\"(max-width: 640px) 100vw, 640px\" \/>\t\t\t\t\t\t\t\t\t\t\t\t\t\t\t<\/div>\n\t\t\t\t<\/div>\n\t\t\t\t<div class=\"elementor-element elementor-element-3e8d051 elementor-widget elementor-widget-text-editor\" data-id=\"3e8d051\" data-element_type=\"widget\" data-widget_type=\"text-editor.default\">\n\t\t\t\t<div class=\"elementor-widget-container\">\n\t\t\t\t\t\t\t\t\t<p>\u00a0<\/p><p>LZS Pa\u0142ck powsta\u0142 w po\u0142owie lat siedemdziesi\u0105tych ubieg\u0142ego stulecia, przyjmuje si\u0119, \u017ce w 1975r. \u00d3wczesna dru\u017cyna opiera\u0142a sie w wi\u0119kszo\u015bci na trzech klanach rodzinnych. Trzon stanowili: bracia Pawe\u0142 Zygmunt i Grzegorz P\u0142uciennikowie, Leszek, Miros\u0142aw, Waldemar Czerwi\u0144scy. oraz Wies\u0142aw, Krzysztof i Stanis\u0142aw Ga\u0142kowie, ale tak\u017ce Andrzej i Jan Bihuniakowie, Czes\u0142aw Hnatu\u015bko, Bogdan Kieleczawa i Krzysztof P\u0142uciennik kt\u00f3ry by\u0142 prezesem.<\/p><p>Kieruj\u0105c si\u0119 maksym\u0105 i\u017c nie wa\u017cne s\u0105 miejsca w tabeli, a walka na boisku nasz zesp\u00f3l toczy\u0142 zaci\u0119te boje na boiskach klasy &#8222;D&#8221; \u015bwiebodzi\u0144skiej delegatury LZPN. Tak by\u0142o do roku 1997, wtedy to zarz\u0105d i zawodnicy kieruj\u0105c si\u0119 syndromem &#8222;wypalenia&#8221; postanowili zawiesi\u0107 dzia\u0142alno\u015b\u0107 klubu. Reaktywacja nast\u0105pi\u0142a jeszcze tego samego roku, wtedy to nowy zarz\u0105d w sk\u0142adzie: Andrzej Sta\u0144czak, Krzysztof Ga\u0142ek, Czes\u0142aw Hnatu\u015bko powo\u0142ali do \u017cycia LZS &#8222;CZARNI&#8221; Pa\u0142ck. Dlaczego &#8222;CZARNI&#8221; ?? &#8230; ot\u00f3\u017c na cze\u015b\u0107 pierwszej polskiej dru\u017cyny w historii kt\u00f3ra powsta\u0142a we Lwowie w 1903r. i nazywa\u0142a si\u0119 &#8222;CZARNI&#8221; Lw\u00f3w. Nasz reaktywowany klub trafi\u0142 do klasy&#8221;B&#8221; \u015bwiebodzi\u0144skiej delegatury i szybko okaza\u0142o si\u0119, \u017ce nie b\u0119dziemy ch\u0142opcami do bicia, bo w pierwszym meczu pokonali\u015bmy na wyje\u017adzie wysoko notowany &#8222;Zryw&#8221; Rzeczyca, a ca\u0142\u0105 pierwsz\u0105 rund\u0119 zako\u0144czyli\u015bmy w \u015brodku tabeli. Opr\u00f3cz zarz\u0105du w sk\u0142ad dru\u017cyny w tamtym czasie wchodzili tacy zawodnicy jak: Adam P\u0142uciennik, Piotr Ga\u0142ek, Pawe\u0142 i Wojtek Przychodzcy, Krzysztof Klaczek czy bracia W\u0142adys\u0142aw i Mieczys\u0142aw Walakowie.<\/p><p>Przez lata gry, by\u0142y sukcesy, ale tak\u017ce pora\u017cki. Po kilku sezonach spadli\u015bmy do klasy &#8222;C&#8221;. Na potrzeby kobiecego turnieju w Buczynie powo\u0142ana zosta\u0142a tak\u017ce sekcja dziewcz\u0119ca, kt\u00f3ra trzykrotnie wygrywa\u0142a t\u0119 imprez\u0119 za ka\u017cdym razem przywo\u017c\u0105c okaza\u0142e puchary. W sezonie 2010\/2011 odnotowali\u015bmy powr\u00f3t do &#8222;B&#8221; klasy, jednak w nast\u0119pnym sezonie ponownie pojawili\u015bmy si\u0119 w &#8222;C&#8221;<\/p>\t\t\t\t\t\t\t\t<\/div>\n\t\t\t\t<\/div>\n\t\t\t\t\t<\/div>\n\t\t<\/div>\n\t\t\t\t\t<\/div>\n\t\t<\/section>\n\t\t\t\t\t<\/div>\n\t\t<\/div>\n\t\t\t\t\t<\/div>\n\t\t<\/section>\n\t\t\t\t<\/div>\n\t\t","protected":false},"excerpt":{"rendered":"<p>Historia \u00a0 LZS Pa\u0142ck powsta\u0142 w po\u0142owie lat siedemdziesi\u0105tych ubieg\u0142ego stulecia, przyjmuje si\u0119, \u017ce w 1975r. \u00d3wczesna dru\u017cyna opiera\u0142a sie w wi\u0119kszo\u015bci na trzech klanach rodzinnych. Trzon stanowili: bracia Pawe\u0142 Zygmunt i Grzegorz P\u0142uciennikowie, Leszek, Miros\u0142aw, Waldemar Czerwi\u0144scy. oraz Wies\u0142aw, Krzysztof i Stanis\u0142aw Ga\u0142kowie, ale tak\u017ce Andrzej i Jan Bihuniakowie, Czes\u0142aw Hnatu\u015bko, Bogdan Kieleczawa i [&hellip;]<\/p>\n","protected":false},"author":1,"featured_media":0,"parent":0,"menu_order":0,"comment_status":"closed","ping_status":"closed","template":"elementor_header_footer","meta":{"footnotes":""},"class_list":["post-65","page","type-page","status-publish","hentry"],"_links":{"self":[{"href":"http:\/\/czarnipalck.pl\/index.php\/wp-json\/wp\/v2\/pages\/65","targetHints":{"allow":["GET"]}}],"collection":[{"href":"http:\/\/czarnipalck.pl\/index.php\/wp-json\/wp\/v2\/pages"}],"about":[{"href":"http:\/\/czarnipalck.pl\/index.php\/wp-json\/wp\/v2\/types\/page"}],"author":[{"embeddable":true,"href":"http:\/\/czarnipalck.pl\/index.php\/wp-json\/wp\/v2\/users\/1"}],"replies":[{"embeddable":true,"href":"http:\/\/czarnipalck.pl\/index.php\/wp-json\/wp\/v2\/comments?post=65"}],"version-history":[{"count":13,"href":"http:\/\/czarnipalck.pl\/index.php\/wp-json\/wp\/v2\/pages\/65\/revisions"}],"predecessor-version":[{"id":1642,"href":"http:\/\/czarnipalck.pl\/index.php\/wp-json\/wp\/v2\/pages\/65\/revisions\/1642"}],"wp:attachment":[{"href":"http:\/\/czarnipalck.pl\/index.php\/wp-json\/wp\/v2\/media?parent=65"}],"curies":[{"name":"wp","href":"https:\/\/api.w.org\/{rel}","templated":true}]}}